6816 - 13819. Calculate the greatest common divisor of k and 36.
9
Let l be 68*(-2)/20*-5. Let j = -387 + 178. Let d = -73 - j. What is the highest common factor of l and d?
34
Let y = 40144 - 40042. Suppose -l + 126 = -27. Calculate the greatest common factor of y and l.
51
Suppose a + 2338 - 9565 = -3*v, 7212 = 3*v - 4*a. What is the highest common factor of v and 86?
86
Let t = -985 + 1018. Let k be 5/(-2)*(-88)/10. What is the greatest common divisor of k and t?
11
Suppose 31*m - 38941 + 4686 = 0. Calculate the highest common divisor of m and 325.
65
Let k be (-18)/5*28/42*-5435. Calculate the highest common divisor of 12 and k.
12
Let s = 351 + -260. Let a(m) = m**2 - m - 7. Let q be a(5). What is the highest common divisor of q and s?
13
Suppose -5*l = -25, -5*b - 10 + 70 = -2*l. Let k(h) = 31*h - 33. Let n be k(b). Let i = -269 + n. Calculate the highest common factor of i and 12.
12
Let b(s) = s**2 - 39*s + 80. Let j(h) = 2*h**2 - 34*h + 3. Let d be j(18). Let g be b(d). Calculate the greatest common factor of 30 and g.
10
Suppose -233 = -3*i - 44. Calculate the highest common divisor of 966 and i.
21
Let v be -1 - 170/(-8) - (-13)/(-52). Let z be v/(-3)*1/((-15)/18). What is the highest common factor of z and 2?
2
Let t be (-1 + 7)*(-185)/(-74). Suppose -636 = -t*z - 141. What is the greatest common divisor of z and 297?
33
Let l = 228 - 186. Let o(d) = 31*d - 6. Let a be o(2). What is the greatest common factor of a and l?
14
Suppose -5007*v - 358425 = -5022*v. What is the highest common divisor of v and 15?
15
Let c(r) = 4*r**2 - 24*r + 16. Let j be c(5). Let p(q) = -6*q**3 - 6*q**2 - 19*q - 26. Let a be p(j). What is the greatest common divisor of a and 26?
26
Let l = 278 - 256. Suppose -q = 3*m - 16, -10 = -3*m - l. Calculate the highest common factor of q and 196.
28
Let w be ((-9)/((-216)/(-60)))/((-15)/612). Let s(c) = -19*c + 1. Let q be s(-8). Calculate the greatest common divisor of q and w.
51
Let s(t) be the first derivative of -1/4*t**4 + 12*t + 29 - t**2 + 5/3*t**3. Let w be s(5). Calculate the highest common divisor of 5 and w.
1
Suppose -24*c - 42*c = -26136. What is the greatest common factor of c and 231?
33
Let s be (-3894)/(-44) - (-1)/(-4)*2. Suppose 2*q = 31 + 35. Calculate the greatest common divisor of q and s.
11
Let f be 8*((-9435)/296)/(-15). Let x(r) = -r**2 + 8*r + 5. Suppose -3*t + 18 = -0*t. Let m be x(t). What is the greatest common divisor of m and f?
17
Suppose 4*p - 338 = -j, 3*j + 2055*p = 2054*p + 915. Calculate the greatest common factor of 11023 and j.
151
Suppose -82*w + 16762 = -3965 - 1003. What is the highest common factor of w and 13250?
265
Let p(m) = 563*m + 142. Let a be p(0). What is the highest common divisor of a and 15194?
142
Suppose 5*l - 30*l = -1275. What is the greatest common factor of l and 117?
3
Suppose 0 = -5*s + 3*q + 95, -25*s + 27*s + q - 27 = 0. Let x be s/88 + 480/22. Calculate the greatest common factor of x and 55.
11
Suppose -11*p - 2*c = -5*p - 3138, 2*c = -2*p + 1038. What is the highest common factor of 21 and p?
21
Let t(l) = -833*l**2 + 5880*l + 7. Let d be t(7). What is the greatest common factor of 1330 and d?
70
Suppose -25*y + 1002 = -398. What is the highest common divisor of 8 and y?
8
Let y(m) = 10*m**2 - 28*m. Let b be y(4). Let l(u) = 5*u**2 - 3*u + 4. Let a be l(2). Calculate the greatest common factor of b and a.
6
Suppose 279*q - 283*q + 320 = 0. What is the highest common divisor of q and 944?
16
Let z be (690/45 + -3)/((-296)/297 - -1). Calculate the greatest common divisor of 777 and z.
111
Suppose 0 = -3*x - 52 - 239. Let d = x - -89. Let a = 0 - d. What is the highest common divisor of a and 16?
8
Let j(u) = 34*u - 93. Let z be j(5). Let l = -20 + 20. Suppose -4*f - 2 + 30 = l. Calculate the greatest common divisor of f and z.
7
Suppose 328 - 2484 = -182*z - 14*z. What is the greatest common divisor of 297 and z?
11
Let i be -1*9*4/(-3). Let r be (-152)/(-570)*30/4. Suppose 0 = -r*f - 2*b + 40, -8*b + 12*b = 2*f - 16. What is the highest common factor of f and i?
4
Let o be 18/10*(136/12 - 3). Let v be 1 - (o/(-10))/(1/2). Calculate the highest common factor of 36 and v.
4
Let f(j) = j**3 - 32*j**2 - 457*j - 193. Let n be f(43). Calculate the highest common factor of n and 4785.
165
Let d(q) = -q**2 + 10*q - 4. Let n be d(8). Let c = -638 - -452. Let w = 294 + c. What is the greatest common divisor of w and n?
12
Let d(c) be the second derivative of c**5/20 + 13*c**4/12 + 10*c**3/3 + 34*c**2 + 50*c. Let o be d(-10). Calculate the greatest common divisor of o and 28.
28
Suppose 896 + 1524 = 5*v. Suppose s - v = -5*d, -5*s + 476 = 5*d - 24. Suppose -x + 3*o = -9, x + 4*o = 2*x - 4. Calculate the highest common factor of d and x.
24
Let s = 26704 + -26617. What is the greatest common divisor of s and 15051?
87
Suppose 9*p = 14*p. Suppose -4*r + 28 + 16 = p. Let k(i) = 2*i**2 + 132*i + 267. Let t be k(-64). What is the greatest common factor of t and r?
11
Suppose 37*m + 47 - 417 = 0. Let r(g) = 12*g**2 + g - 1. Let q be r(1). Suppose -q = 3*i - 42. Calculate the greatest common factor of m and i.
10
Suppose -n + 25 = 3*x, -3*x + 87 = 5*n - 2*n. Let t be ((-94)/235)/(0 + 1/(-155)). Suppose -2*f = -0*f - t. Calculate the highest common divisor of f and n.
31
Suppose -26*b - 20*b + 39835 = 7037. What is the greatest common factor of 184 and b?
23
Let x(h) = -h**2 - 2*h + 12. Let t be x(-4). Suppose -t*s + d = -0*s - 29, -2*d = 2. Calculate the greatest common factor of 63 and s.
7
Let w(r) = r**3 + r + 2. Let b be w(0). Suppose b*j - i - 9 - 3 = 0, 4*i = -4*j. Calculate the greatest common factor of j and 2.
2
Let n(m) = m**2 - 6*m - 2. Let o be n(8). Let w = -5838 - -6076. What is the highest common factor of w and o?
14
Let s be (-2352)/2940*(-1685)/4. Calculate the highest common divisor of 5392 and s.
337
Let h be (985/5)/((-2)/(-3) - 1). Let r = -558 - h. What is the highest common divisor of r and 528?
33
Suppose 0 = 818*b - 238*b - 5800. Calculate the highest common divisor of 46 and b.
2
Let n(u) = 55*u - 205. Let f be n(-49). Let w be f/(-14) + 300/350. What is the highest common factor of w and 26?
26
Suppose -51 = -5*n - 12*n. Suppose n*w + 548 = 587. Calculate the greatest common divisor of w and 169.
13
Let x(r) = 125*r**2 - 68*r + 618. Let j be x(8). What is the greatest common divisor of j and 44?
22
Let q = -78 + 92. Suppose q*k - 55*k = -328. Calculate the greatest common divisor of k and 6.
2
Suppose f = -3*v + 38244, -4*v + 11*f + 50993 = 12*f. Calculate the highest common divisor of v and 627.
209
Let u be 1 + -2 - 221*-1. Let k be 65/45 - (-40)/(-90). Let i be (-4)/k - (18 + -7 - 35). Calculate the highest common factor of i and u.
20
Let i = 176 + -540. Let j = 369 + i. What is the highest common factor of 11 and j?
1
Let f be (-2355)/75 - -33 - 8804/(-10). Calculate the highest common factor of f and 490.
98
Let g be (3 - 20/8)*10. Suppose h + 0 = -3*o + 8, -g*h - 40 = -5*o. What is the greatest common factor of o and 68?
4
Let s(b) = 3*b**3 + 3*b - 508. Let t(n) = 8*n**3 + 9*n - 1527. Let o(i) = 11*s(i) - 4*t(i). Let d be o(0). What is the greatest common divisor of 52 and d?
52
Suppose -10 = -3*l + 7*l - 2*g, 4*l + 7 = g. Let r be (l + -27)*486/(-189). What is the greatest common divisor of 48 and r?
24
Suppose 0*x - 12 = 3*x - a, -2*x = 5*a - 9. Let u be -1 + x + 7 + 101 + 0. Suppose -4*h = -3*h - 13. Calculate the highest common factor of u and h.
13
Let l(i) = -2*i**2 - 15*i - 15. Let k(b) = -b**2 + 5*b - 6. Let w be k(0). Let u be l(w). What is the highest common factor of u and 57?
3
Let j = 2007 + -1623. Calculate the highest common factor of 3168 and j.
96
Suppose 2*o - 19 = 3. Suppose -1048 - 2154 = -90*g - 232. What is the highest common factor of g and o?
11
Let y be 60/(-140) + (-2274)/(-14). Suppose 72*c - y = 66*c. What is the highest common factor of 63 and c?
9
Suppose 43*k - 1463 = 36*k. Let r = k - 197. Let y = -37 - -121. What is the greatest common divisor of r and y?
12
Let j be (-26)/3*(-12)/8. Suppose -6 = s - 7*s. Let g(f) = 52*f. Let n be g(s). What is the highest common divisor of n and j?
13
Let j(b) = 700*b**2 + 4*b - 3. Let x(d) = -1401*d**2 - 8*d + 6. Let r(f) = -5*j(f) - 3*x(f). Let g be r(1)